{"id":1926,"date":"2018-08-29T17:39:46","date_gmt":"2018-08-29T20:39:46","guid":{"rendered":"https:\/\/isfd88-bue.infd.edu.ar\/sitio\/cartelera-de-preceptoria\/"},"modified":"2024-12-05T18:52:34","modified_gmt":"2024-12-05T21:52:34","slug":"cartelera-de-preceptoria","status":"publish","type":"page","link":"https:\/\/isfd88-bue.infd.edu.ar\/sitio\/cartelera-de-preceptoria\/","title":{"rendered":"Preceptor\u00eda"},"content":{"rendered":"\n<div class=\"wp-block-group has-background is-vertical is-layout-flex wp-container-1\" style=\"background:linear-gradient(90deg,rgb(6,147,227) 0%,rgb(81,224,200) 99%)\">\n<h3 class=\"wp-block-heading has-medium-font-size\">SEDE SALTA \u2013 Salta 2309, San Justo &#8211; HORARIO de 18:30 a 21:30 hs.<\/h3>\n\n\n\n<h3 class=\"wp-block-heading has-medium-font-size\">SEDE YRIGOYEN \u2013 Hip\u00f3lito Yrigoyen 2462, San Justo &#8211; HORARIO de 18:30 a 21:30 hs.<\/h3>\n\n\n\n<h3 class=\"wp-block-heading has-medium-font-size\">SEDE MARECHAL \u2013 Av. Brig. Gral. J. M. de Rosas 5971, I. Casanova\u00a0&#8211; HORARIO de 8:00 a 12:00 hs.<\/h3>\n<\/div>\n\n\n\n<p class=\"has-small-font-size\">LA SEDE MARECHAL QUEDA EN AVDA. JUAN MANUEL DE ROSAS 5975, CASANOVA. ES EL EDIFICIO HIST\u00d3RICO, 3ER PISO (LADO DERECHO, FRENTE A LA ESCUELA DE ENSE\u00d1ANZA T\u00c9CNICA N\u00b0 1).<\/p>\n\n\n\n<p><\/p>\n","protected":false},"excerpt":{"rendered":"<p>SEDE SALTA \u2013 Salta 2309, San Justo &#8211; HORARIO de 18:30 a 21:30 hs. SEDE YRIGOYEN \u2013 Hip\u00f3lito Yrigoyen 2462, San Justo &#8211; HORARIO de 18:30 a 21:30 hs. SEDE MARECHAL \u2013 Av. Brig. Gral. J. M. de Rosas 5971, I. Casanova\u00a0&#8211; HORARIO de 8:00 a 12:00 hs. LA SEDE MARECHAL QUEDA EN AVDA. JUAN &#8230; <a title=\"Preceptor\u00eda\" class=\"read-more\" href=\"https:\/\/isfd88-bue.infd.edu.ar\/sitio\/cartelera-de-preceptoria\/\" aria-label=\"More on Preceptor\u00eda\">[+]<\/a><\/p>\n","protected":false},"author":2624,"featured_media":0,"parent":0,"menu_order":0,"comment_status":"closed","ping_status":"closed","template":"","meta":[],"acf":[],"_links":{"self":[{"href":"https:\/\/isfd88-bue.infd.edu.ar\/sitio\/wp-json\/wp\/v2\/pages\/1926"}],"collection":[{"href":"https:\/\/isfd88-bue.infd.edu.ar\/sitio\/wp-json\/wp\/v2\/pages"}],"about":[{"href":"https:\/\/isfd88-bue.infd.edu.ar\/sitio\/wp-json\/wp\/v2\/types\/page"}],"author":[{"embeddable":true,"href":"https:\/\/isfd88-bue.infd.edu.ar\/sitio\/wp-json\/wp\/v2\/users\/2624"}],"replies":[{"embeddable":true,"href":"https:\/\/isfd88-bue.infd.edu.ar\/sitio\/wp-json\/wp\/v2\/comments?post=1926"}],"version-history":[{"count":5,"href":"https:\/\/isfd88-bue.infd.edu.ar\/sitio\/wp-json\/wp\/v2\/pages\/1926\/revisions"}],"predecessor-version":[{"id":5921,"href":"https:\/\/isfd88-bue.infd.edu.ar\/sitio\/wp-json\/wp\/v2\/pages\/1926\/revisions\/5921"}],"wp:attachment":[{"href":"https:\/\/isfd88-bue.infd.edu.ar\/sitio\/wp-json\/wp\/v2\/media?parent=1926"}],"curies":[{"name":"wp","href":"https:\/\/api.w.org\/{rel}","templated":true}]}}