{"id":4019,"date":"2021-12-01T00:03:04","date_gmt":"2021-12-01T03:03:04","guid":{"rendered":"https:\/\/isfd88-bue.infd.edu.ar\/sitio\/?page_id=4019"},"modified":"2023-04-28T11:46:13","modified_gmt":"2023-04-28T14:46:13","slug":"lengua-y-literatura-2","status":"publish","type":"page","link":"https:\/\/isfd88-bue.infd.edu.ar\/sitio\/lengua-y-literatura-2\/","title":{"rendered":"Sobre la carrera"},"content":{"rendered":"<div class=\"wp-block-image\">\n<figure class=\"aligncenter size-large\"><img decoding=\"async\" loading=\"lazy\" width=\"192\" height=\"192\" src=\"https:\/\/isfd88-bue.infd.edu.ar\/sitio\/wp-content\/uploads\/2021\/12\/Logo-30-anos-chica-3.jpg\" alt=\"\" class=\"wp-image-4038\"\/><\/figure><\/div>\n\n\n<p class=\"has-text-align-center has-large-font-size\"><strong>Profesorado de Lengua y Literatura<\/strong><\/p>\n\n\n\n<p class=\"has-text-align-center\"><em>La Educaci\u00f3n Secundaria en la Provincia de Buenos Aires tiene entre sus objetivos prioritarios el\u00a0garantizar el derecho a la educaci\u00f3n, asegurando la continuidad de la alfabetizaci\u00f3n de los y las estudiantes<\/em>.<\/p>\n\n\n\n<p class=\"has-text-align-center\"><em>Por otro lado se busca que los alumnos\/as que transitan por el nivel secundario de su escolaridad puedan\u00a0acercarse a la cultura y relacionarse con la ciencia desde un enfoque que contemple diversidad,\u00a0\u00a0inclusi\u00f3n e integraci\u00f3n de todos\/as en la escuela.\u00a0<\/em><\/p>\n\n\n\n<p class=\"has-text-align-center\"><em>\u201cDesde este marco la profesi\u00f3n docente se diferencia de otras profesiones porque pone a los\u00a0adultos\/as que la ejercen a trabajar con otras generaciones y eso exige hacer compatible la\u00a0\u00a0experiencia de la igualdad humana con el respeto por las asimetr\u00edas de las responsabilidades de edad\u00a0\u00a0y de posici\u00f3n del ni\u00f1o\/a y el \/la docente en el contrato escolar\u201d (Gagliano, Rafael).\u00a0<\/em><\/p>\n\n\n\n<p class=\"has-text-align-center\"><em>As\u00ed, desde el ISFDyT N\u00b0 88 \u00abPaulo Freire\u00bb se promueve la carrera de Profesorado de Lengua y Literatura con el prop\u00f3sito de\u00a0construir horizontes formativos que les permitan a los futuros docentes recuperar el sentido de la\u00a0\u00a0docencia en el contexto actual y re-posicionar al docente en la comunidad en la que desarrollar\u00e1 su\u00a0\u00a0tarea laboral, reconociendo contextos de multiculturalidad para desafiar estereotipos, valorando las\u00a0cualidades de la propia cultura, desarrollando actitudes y pr\u00e1cticas de solidaridad con los otros.<\/em><\/p>\n\n\n\n<p>La carrera de&nbsp;<strong><em>Profesorado de Lengua y Literatura&nbsp;<\/em><\/strong>tiene una duraci\u00f3n de cuatro a\u00f1os.<\/p>\n\n\n\n<ul>\n<li>La&nbsp;cursada&nbsp;se realiza en el turno vespertino de Lunes a Viernes de 17.45 hs. a 22.00 hs. &nbsp;y los s\u00e1bados de 8.00 hs. a 14.00 hs. en la Sede de Yrigoyen ( frente a la plaza de San Justo) y\/o en&nbsp; Sede de Salta.<\/li>\n\n\n\n<li>La&nbsp;modalidad&nbsp;de la cursada es presencial. El ciclo lectivo 2022 se desarrollar\u00e1 de acuerdo a las directivas de la Direcci\u00f3n de Educaci\u00f3n Superior de la Provincia de Buenos Aires.<\/li>\n\n\n\n<li>El Instituto posee un Campus virtual, por lo tanto se requiere conocimientos b\u00e1sicos de uso de tecnolog\u00edas y procesadores de textos.<\/li>\n\n\n\n<li>Las\/os estudiantes egresan con el\u00a0t\u00edtulo\u00a0de\u00a0<strong>PROFESOR\/A DE LENGUA Y LITERATURA<\/strong>. Pueden desempe\u00f1arse en instituciones educativas de Educaci\u00f3n Secundaria, tanto de gesti\u00f3n estatal como de gesti\u00f3n privada. El t\u00edtulo tiene validez Nacional.<\/li>\n<\/ul>\n\n\n\n<p><a href=\"https:\/\/isfd88-bue.infd.edu.ar\/sitio\/upload\/if_2017_05136800_gdeba_cgcyedgcye.pdf\">Plan de estudios<\/a><\/p>\n","protected":false},"excerpt":{"rendered":"<p>Profesorado de Lengua y Literatura La Educaci\u00f3n Secundaria en la Provincia de Buenos Aires tiene entre sus objetivos prioritarios el\u00a0garantizar el derecho a la educaci\u00f3n, asegurando la continuidad de la alfabetizaci\u00f3n de los y las estudiantes. Por otro lado se busca que los alumnos\/as que transitan por el nivel secundario de su escolaridad puedan\u00a0acercarse a &#8230; <a title=\"Sobre la carrera\" class=\"read-more\" href=\"https:\/\/isfd88-bue.infd.edu.ar\/sitio\/lengua-y-literatura-2\/\" aria-label=\"More on Sobre la carrera\">[+]<\/a><\/p>\n","protected":false},"author":2562,"featured_media":0,"parent":0,"menu_order":0,"comment_status":"closed","ping_status":"closed","template":"","meta":[],"acf":[],"_links":{"self":[{"href":"https:\/\/isfd88-bue.infd.edu.ar\/sitio\/wp-json\/wp\/v2\/pages\/4019"}],"collection":[{"href":"https:\/\/isfd88-bue.infd.edu.ar\/sitio\/wp-json\/wp\/v2\/pages"}],"about":[{"href":"https:\/\/isfd88-bue.infd.edu.ar\/sitio\/wp-json\/wp\/v2\/types\/page"}],"author":[{"embeddable":true,"href":"https:\/\/isfd88-bue.infd.edu.ar\/sitio\/wp-json\/wp\/v2\/users\/2562"}],"replies":[{"embeddable":true,"href":"https:\/\/isfd88-bue.infd.edu.ar\/sitio\/wp-json\/wp\/v2\/comments?post=4019"}],"version-history":[{"count":11,"href":"https:\/\/isfd88-bue.infd.edu.ar\/sitio\/wp-json\/wp\/v2\/pages\/4019\/revisions"}],"predecessor-version":[{"id":5108,"href":"https:\/\/isfd88-bue.infd.edu.ar\/sitio\/wp-json\/wp\/v2\/pages\/4019\/revisions\/5108"}],"wp:attachment":[{"href":"https:\/\/isfd88-bue.infd.edu.ar\/sitio\/wp-json\/wp\/v2\/media?parent=4019"}],"curies":[{"name":"wp","href":"https:\/\/api.w.org\/{rel}","templated":true}]}}

<div class="wp-block-image">
<figure class="aligncenter size-large"><img decoding="async" loading="lazy" width="192" height="192" src="https://isfd88-bue.infd.edu.ar/sitio/wp-content/uploads/2021/12/Logo-30-anos-chica-3.jpg" alt="" class="wp-image-4038"/></figure></div>


<p class="has-text-align-center has-large-font-size"><strong>Profesorado de Lengua y Literatura</strong></p>



<p class="has-text-align-center"><em>La Educación Secundaria en la Provincia de Buenos Aires tiene entre sus objetivos prioritarios el garantizar el derecho a la educación, asegurando la continuidad de la alfabetización de los y las estudiantes</em>.</p>



<p class="has-text-align-center"><em>Por otro lado se busca que los alumnos/as que transitan por el nivel secundario de su escolaridad puedan acercarse a la cultura y relacionarse con la ciencia desde un enfoque que contemple diversidad,  inclusión e integración de todos/as en la escuela. </em></p>



<p class="has-text-align-center"><em>“Desde este marco la profesión docente se diferencia de otras profesiones porque pone a los adultos/as que la ejercen a trabajar con otras generaciones y eso exige hacer compatible la  experiencia de la igualdad humana con el respeto por las asimetrías de las responsabilidades de edad  y de posición del niño/a y el /la docente en el contrato escolar” (Gagliano, Rafael). </em></p>



<p class="has-text-align-center"><em>Así, desde el ISFDyT N° 88 «Paulo Freire» se promueve la carrera de Profesorado de Lengua y Literatura con el propósito de construir horizontes formativos que les permitan a los futuros docentes recuperar el sentido de la  docencia en el contexto actual y re-posicionar al docente en la comunidad en la que desarrollará su  tarea laboral, reconociendo contextos de multiculturalidad para desafiar estereotipos, valorando las cualidades de la propia cultura, desarrollando actitudes y prácticas de solidaridad con los otros.</em></p>



<p>La carrera de&nbsp;<strong><em>Profesorado de Lengua y Literatura&nbsp;</em></strong>tiene una duración de cuatro años.</p>



<ul>
<li>La&nbsp;cursada&nbsp;se realiza en el turno vespertino de Lunes a Viernes de 17.45 hs. a 22.00 hs. &nbsp;y los sábados de 8.00 hs. a 14.00 hs. en la Sede de Yrigoyen ( frente a la plaza de San Justo) y/o en&nbsp; Sede de Salta.</li>



<li>La&nbsp;modalidad&nbsp;de la cursada es presencial. El ciclo lectivo 2022 se desarrollará de acuerdo a las directivas de la Dirección de Educación Superior de la Provincia de Buenos Aires.</li>



<li>El Instituto posee un Campus virtual, por lo tanto se requiere conocimientos básicos de uso de tecnologías y procesadores de textos.</li>



<li>Las/os estudiantes egresan con el título de <strong>PROFESOR/A DE LENGUA Y LITERATURA</strong>. Pueden desempeñarse en instituciones educativas de Educación Secundaria, tanto de gestión estatal como de gestión privada. El título tiene validez Nacional.</li>
</ul>



<p><a href="https://isfd88-bue.infd.edu.ar/sitio/upload/if_2017_05136800_gdeba_cgcyedgcye.pdf">Plan de estudios</a></p>

<p>Profesorado de Lengua y Literatura La Educación Secundaria en la Provincia de Buenos Aires tiene entre sus objetivos prioritarios el garantizar el derecho a la educación, asegurando la continuidad de la alfabetización de los y las estudiantes. Por otro lado se busca que los alumnos/as que transitan por el nivel secundario de su escolaridad puedan acercarse a &#8230; <a title="Sobre la carrera" class="read-more" href="https://isfd88-bue.infd.edu.ar/sitio/lengua-y-literatura-2/" aria-label="More on Sobre la carrera">[+]</a></p>
