{"id":4362,"date":"2022-04-30T12:42:49","date_gmt":"2022-04-30T15:42:49","guid":{"rendered":"https:\/\/isfd88-bue.infd.edu.ar\/sitio\/?page_id=4362"},"modified":"2022-08-02T20:06:49","modified_gmt":"2022-08-02T23:06:49","slug":"programas-2022-inicial","status":"publish","type":"page","link":"https:\/\/isfd88-bue.infd.edu.ar\/sitio\/programas-2022-inicial\/","title":{"rendered":"PROGRAMAS 2022_INICIAL"},"content":{"rendered":"\n<figure class=\"wp-block-table\"><table><tbody><tr><td>1\u00b0 A \/ 1\u00b0 B<\/td><td><a href=\"https:\/\/isfd88-bue.infd.edu.ar\/sitio\/wp-content\/uploads\/2022\/07\/2022-INICIAL-Taller-de-LEO-1\u00b0A-Prof.-BUENO-Claudia.pdf\">Taller de lectura, escritura y oralidad<\/a><\/td><td>Bueno- Ventura<\/td><\/tr><tr><td>1\u00b0 A \/ 1\u00b0 B<\/td><td>Taller de pensamiento l\u00f3gico- matem\u00e1tico<\/td><td>Susana Quintas<\/td><\/tr><tr><td>1\u00b0 A<\/td><td><a href=\"https:\/\/isfd88-bue.infd.edu.ar\/sitio\/wp-content\/uploads\/2022\/07\/Programa-TFO-Teatro-2022-1.pdf\">Taller de Definici\u00f3n Institucional: Teatro<\/a><\/td><td>Romina Romero&nbsp; &nbsp;Sup. Naya Plez<\/td><\/tr><tr><td>1\u00b0 B<\/td><td><a href=\"https:\/\/isfd88-bue.infd.edu.ar\/sitio\/wp-content\/uploads\/2022\/07\/Programa-TFO-Teatro-2022-1.pdf\">Taller de Definici\u00f3n Institucional: Teatro<\/a><\/td><td>Naya Plez<\/td><\/tr><tr><td>1\u00b0 A\/ 1\u00b0 B<\/td><td><a href=\"https:\/\/isfd88-bue.infd.edu.ar\/sitio\/wp-content\/uploads\/2022\/07\/2022_INICIAL-_-PRIMARIA-_1\u00b0A-1\u00b0B1\u00b0C-_Cecilia-Paz-1.pdf\" target=\"_blank\" rel=\"noreferrer noopener\">Taller de Definici\u00f3n Institucional: Narraci\u00f3n Oral<\/a><\/td><td>Cecilia Paz<\/td><\/tr><tr><td>1\u00b0 A<\/td><td><a href=\"https:\/\/isfd88-bue.infd.edu.ar\/sitio\/wp-content\/uploads\/2022\/06\/2022_INICIAL_PSICOLOGIA-DEL-DESARROLLO-Y-DEL-APRENDIZAJE-1_1A_PAIVA.pdf\" data-type=\"URL\" data-id=\"https:\/\/isfd88-bue.infd.edu.ar\/sitio\/wp-content\/uploads\/2022\/06\/2022_INICIAL_PSICOLOGIA-DEL-DESARROLLO-Y-DEL-APRENDIZAJE-1_1A_PAIVA.pdf\">Psicolog\u00eda del desarrollo y aprendizaje I<br><\/a><\/td><td>Daniela Paiva<\/td><\/tr><tr><td>1\u00b0 B<\/td><td><a href=\"https:\/\/isfd88-bue.infd.edu.ar\/sitio\/wp-content\/uploads\/2022\/07\/PROGRAMA-PSICOLOGIA-DEL-DESARROLLO-PROF.-MARIELA-DELGADO.pdf\">Psicolog\u00eda del desarrollo y aprendizaje I<\/a><\/td><td>Mariela Delgado<\/td><\/tr><tr><td>1\u00b0 A\/ 1\u00b0 B<\/td><td>Educaci\u00f3n temprana<\/td><td>Elisabeth Esp\u00f3sito<\/td><\/tr><tr><td>1\u00b0 A\/ 1\u00b0 B<\/td><td><a href=\"https:\/\/isfd88-bue.infd.edu.ar\/sitio\/wp-content\/uploads\/2022\/07\/88-programa-Corp-y-Motr-INI.pdf\" target=\"_blank\" rel=\"noreferrer noopener\">Corporeidad y motricidad<\/a><\/td><td>Fernando Marciello<\/td><\/tr><tr><td>1\u00b0 A\/ 1\u00b0 B<\/td><td><a href=\"https:\/\/isfd88-bue.infd.edu.ar\/sitio\/wp-content\/uploads\/2022\/08\/2022-programa-Filosofia-INICIAL.docx\">Filosof\u00eda<\/a><\/td><td>Silvina Bruno<\/td><\/tr><tr><td>1\u00b0 A\/ 1\u00b0 B<\/td><td><a href=\"https:\/\/isfd88-bue.infd.edu.ar\/sitio\/wp-content\/uploads\/2022\/07\/Programa-2022.pdf\">Did\u00e1ctica General<\/a><\/td><td>Marcela Lencina<\/td><\/tr><tr><td>1\u00b0 A\/ 1\u00b0 B<\/td><td><a href=\"https:\/\/isfd88-bue.infd.edu.ar\/sitio\/wp-content\/uploads\/2022\/06\/PROGRAMA-PEDAGOGIA-DE-INICIAL-I-88.pdf\" data-type=\"URL\" data-id=\"https:\/\/isfd88-bue.infd.edu.ar\/sitio\/wp-content\/uploads\/2022\/06\/PROGRAMA-PEDAGOGIA-DE-INICIAL-I-88.pdf\">Pedagog\u00eda<\/a><\/td><td>Ojeda Walter<\/td><\/tr><tr><td><\/td><td><\/td><td><\/td><\/tr><tr><td>1\u00b0 A\/ 1\u00b0 B<\/td><td>An\u00e1lisis del mundo contempor\u00e1neo<\/td><td>Maximiliano Ninni<\/td><\/tr><tr><td>1\u00b0 A\/ 1\u00b0 B<\/td><td><a href=\"https:\/\/isfd88-bue.infd.edu.ar\/sitio\/wp-content\/uploads\/2022\/05\/Programa-de-campo-Zinni-y-Viola.pdf\" data-type=\"URL\" data-id=\"https:\/\/isfd88-bue.infd.edu.ar\/sitio\/wp-content\/uploads\/2022\/05\/Programa-de-campo-Zinni-y-Viola.pdf\">Campo de la Pr\u00e1ctica <\/a>I<\/td><td>Viola Claudia&nbsp;&#8211; Susana Zinni<\/td><\/tr><\/tbody><\/table><\/figure>\n\n\n\n<p>2\u00b0 a\u00f1o<\/p>\n\n\n\n<figure class=\"wp-block-table\"><table><tbody><tr><td>Curso<\/td><td>Materia<\/td><td>Docente<\/td><\/tr><tr><td>2\u00b0 A<\/td><td><a href=\"https:\/\/isfd88-bue.infd.edu.ar\/sitio\/wp-content\/uploads\/2022\/06\/PROGRAMA-PAIVA_PSICOLOGIA-2_2A.pdf\">Psicolog\u00eda del desarrollo y aprendizaje II<\/a><\/td><td>Daniela Paiva<\/td><\/tr><tr><td>2\u00b0 B<\/td><td>Psicolog\u00eda del desarrollo y aprendizaje II<\/td><td>Karina Segata<\/td><\/tr><tr><td>2\u00b0 A\/ 2\u00b0 B<\/td><td>Psicolog\u00eda <br>Social e Institucional<\/td><td>Alejandra Armentano<\/td><\/tr><tr><td>2\u00b0 A<\/td><td><a href=\"https:\/\/isfd88-bue.infd.edu.ar\/sitio\/wp-content\/uploads\/2022\/07\/2022_INICIAL_CULT.-COM.-Y-EDUC_2oA_Prof.-BUENO-CLAUDIA.pdf\">Cultura, Comunicaci\u00f3n y Educaci\u00f3n.<\/a><\/td><td>Claudia Bueno<\/td><\/tr><tr><td>2\u00b0 B<\/td><td><a href=\"https:\/\/isfd88-bue.infd.edu.ar\/sitio\/wp-content\/uploads\/2022\/06\/CCE-2do-Inicial.pdf\" data-type=\"URL\" data-id=\"https:\/\/isfd88-bue.infd.edu.ar\/sitio\/wp-content\/uploads\/2022\/06\/CCE-2do-Inicial.pdf\">Cultura, Comunicaci\u00f3n y Educaci\u00f3n.<\/a><\/td><td>Hilda Cinalli<\/td><\/tr><tr><td>2\u00b0 A<\/td><td><a href=\"https:\/\/isfd88-bue.infd.edu.ar\/sitio\/wp-content\/uploads\/2022\/06\/Ed-Plastica.-Morales-Vanesa.-2022.pdf\" data-type=\"URL\" data-id=\"https:\/\/isfd88-bue.infd.edu.ar\/sitio\/wp-content\/uploads\/2022\/06\/Ed-Plastica.-Morales-Vanesa.-2022.pdf\">Educaci\u00f3n Pl\u00e1stica.<\/a><\/td><td>Roc\u00edo Arozarena. Sup Vanesa Morales<\/td><\/tr><tr><td>2\u00b0 B<\/td><td><a href=\"https:\/\/isfd88-bue.infd.edu.ar\/sitio\/wp-content\/uploads\/2022\/06\/Programa-Educacion-Plastica-SALAS-2022.pdf\">Educaci\u00f3n Pl\u00e1stica<\/a><\/td><td>Ana Salas<\/td><\/tr><tr><td>2\u00b0 A \/ 2\u00b0 B<\/td><td>Did\u00e1ctica de Pr\u00e1cticas de lenguaje y la literatura.<\/td><td>Natalia Cavani<\/td><\/tr><tr><td>2\u00b0 A \/ 2\u00b0 B<\/td><td><a href=\"https:\/\/isfd88-bue.infd.edu.ar\/sitio\/wp-content\/uploads\/2022\/07\/programa-de-didactica-de-las-ciencias-sociales-2-INICIAL-pdf-2022.pdf\">Did\u00e1ctica de las Ciencias <\/a>Sociales<\/td><td>Javier Costa<\/td><\/tr><tr><td>2\u00b0 A \/ 2\u00b0 B<\/td><td><a href=\"https:\/\/isfd88-bue.infd.edu.ar\/sitio\/wp-content\/uploads\/2022\/05\/Programa-2\u00b0-A-y-B-Inicial.-Benitez-J.-Did-Cs-Naturales-2022.pdf\" data-type=\"URL\" data-id=\"https:\/\/isfd88-bue.infd.edu.ar\/sitio\/wp-content\/uploads\/2022\/05\/Programa-2\u00b0-A-y-B-Inicial.-Benitez-J.-Did-Cs-Naturales-2022.pdf\">Did\u00e1ctica de las Ciencias Naturales<\/a><\/td><td>Julia Benitez<\/td><\/tr><tr><td>2\u00b0 A \/ 2\u00b0 B<\/td><td><a href=\"https:\/\/isfd88-bue.infd.edu.ar\/sitio\/wp-content\/uploads\/2022\/06\/Didactica-de-la-Matematica-2\u00b0-A-y-B.pdf\">Did\u00e1ctica de la Matem\u00e1tica.<\/a><\/td><td>Jorge Los Arcos<\/td><\/tr><tr><td>2\u00b0 A<\/td><td>Did\u00e1ctica y curriculum del nivel inicial<\/td><td>Margarita Botaya<\/td><\/tr><tr><td>2\u00b0 B<\/td><td><a href=\"https:\/\/isfd88-bue.infd.edu.ar\/sitio\/wp-content\/uploads\/2022\/07\/I.S.F.D-N\u00b0-88-PLANIFICACION-DIDACTICA-Y-CURRICULUM-2022-en-PDF.pdf\" target=\"_blank\" rel=\"noreferrer noopener\">Did\u00e1ctica y curriculum del nivel inicial<\/a><\/td><td>Silvia Marino<\/td><\/tr><tr><td>2\u00b0 A\/ 2\u00b0 B<\/td><td><a href=\"https:\/\/isfd88-bue.infd.edu.ar\/sitio\/wp-content\/uploads\/2022\/07\/Campo-de-la-Practica-Programa-2022.pdf\">Campo de la Pr\u00e1ctica II<\/a><\/td><td>Marcela de Luca- Aldana Galardo-&nbsp; Cristina Pe\u00f1a\u2013 Cecilia Condorelle<\/td><\/tr><tr><td>2\u00b0 A \/ 2\u00b0 B<\/td><td>Seminario de Historia argentina<\/td><td>Maximiliano Ninni<\/td><\/tr><tr><td>2\u00b0 A\/ 2\u00b0 B<\/td><td><a href=\"Organizaci\u00f3n del trabajo en el jard\u00edn maternal\" target=\"_blank\" rel=\"noreferrer noopener\">TFO: Organizaci\u00f3n del trabajo en el jard\u00edn maternal<\/a><\/td><td>Cecilia Paz<\/td><\/tr><tr><td>2\u00b0 A \/ 2\u00b0 B<\/td><td><a href=\"TFO: Expresi\u00f3n corporhttps:\/\/isfd88-bue.infd.edu.ar\/sitio\/wp-content\/uploads\/2022\/06\/TFO-Expresion-Corporal-K-Iglesias-2022.pdfal\" data-type=\"URL\" data-id=\"TFO: Expresi\u00f3n corporhttps:\/\/isfd88-bue.infd.edu.ar\/sitio\/wp-content\/uploads\/2022\/06\/TFO-Expresion-Corporal-K-Iglesias-2022.pdfal\">TFO: Expresi\u00f3n corporal<\/a><\/td><td>Karina Iglesias<\/td><\/tr><tr><td>2\u00b0 A\/ 2\u00b0 B<\/td><td><a href=\"https:\/\/isfd88-bue.infd.edu.ar\/sitio\/wp-content\/uploads\/2022\/05\/PROGRAMA-TEORIAS-SOCIOPOLITICAS-2\u00b0-A-y-B-2022.docx\" data-type=\"URL\" data-id=\"https:\/\/isfd88-bue.infd.edu.ar\/sitio\/wp-content\/uploads\/2022\/05\/PROGRAMA-TEORIAS-SOCIOPOLITICAS-2\u00b0-A-y-B-2022.docx\">Teor\u00eda socio-pol\u00edtica de la educaci\u00f3n<\/a><\/td><td>Mirta Cardoso<\/td><\/tr><\/tbody><\/table><\/figure>\n\n\n\n<p>3\u00b0 a\u00f1o<\/p>\n\n\n\n<figure class=\"wp-block-table\"><table><tbody><tr><td>Curso<\/td><td>Materia<\/td><td>Docente<\/td><\/tr><tr><td>3\u00b0 A\/ 3\u00b0 B<\/td><td><a href=\"https:\/\/isfd88-bue.infd.edu.ar\/sitio\/wp-content\/uploads\/2022\/07\/PROGRAMA-DE-JUEGO-2022.pdf\">Juego y desarrollo Infantil.<\/a><\/td><td>Sandra Romero<\/td><\/tr><tr><td>3\u00b0 A<\/td><td><a href=\"https:\/\/isfd88-bue.infd.edu.ar\/sitio\/wp-content\/uploads\/2022\/06\/PROGRAMA-2022-Mediosaudiovisuales-tics-y-educacion-ED.-Inicial-ISFDyT-88.pdf\" data-type=\"URL\" data-id=\"https:\/\/isfd88-bue.infd.edu.ar\/sitio\/wp-content\/uploads\/2022\/06\/PROGRAMA-2022-Mediosaudiovisuales-tics-y-educacion-ED.-Inicial-ISFDyT-88.pdf\">Medios audiovisuales, TICs y educaci\u00f3n.<\/a><\/td><td>Christian Gil<\/td><\/tr><tr><td>3\u00b0 B<\/td><td><a href=\"https:\/\/isfd88-bue.infd.edu.ar\/sitio\/wp-content\/uploads\/2022\/06\/medios-audiovisuales-Inicial.pdf\" data-type=\"URL\" data-id=\"https:\/\/isfd88-bue.infd.edu.ar\/sitio\/wp-content\/uploads\/2022\/06\/medios-audiovisuales-Inicial.pdf\">Medios audiovisuales, TICs y educaci\u00f3n<\/a><\/td><td>Hilda Cinalli<\/td><\/tr><tr><td>3\u00b0 A\/ 3\u00b0 B<\/td><td><a href=\"https:\/\/isfd88-bue.infd.edu.ar\/sitio\/wp-content\/uploads\/2022\/06\/2022_INICIAL_EDUCACION-MUSICAL_3A-Y-3B_PEREZ-ALVAREZ.pdf\" data-type=\"URL\" data-id=\"https:\/\/isfd88-bue.infd.edu.ar\/sitio\/wp-content\/uploads\/2022\/06\/2022_INICIAL_EDUCACION-MUSICAL_3A-Y-3B_PEREZ-ALVAREZ.pdf\">Educaci\u00f3n musical<\/a><\/td><td>Leandro Perez Alvarez<\/td><\/tr><tr><td>3\u00b0 A\/ 3\u00b0 B<\/td><td><a href=\"https:\/\/isfd88-bue.infd.edu.ar\/sitio\/wp-content\/uploads\/2022\/06\/PROGRAMA-ED.-FISCA-ESCOLAR-3o-A-B-2022.pdf\">Educaci\u00f3n f\u00edsica escolar.<\/a><\/td><td>Sandra Poce<\/td><\/tr><tr><td>3\u00b0 A<\/td><td>Taller de literatura infantil.<\/td><td>Natalia Cavani<\/td><\/tr><tr><td>3\u00b0 B<\/td><td><a href=\"https:\/\/isfd88-bue.infd.edu.ar\/sitio\/wp-content\/uploads\/2022\/06\/2022-Taller-de-Literatura-Infantil-3ero-B-SERRA.pdf\">Taller de literatura infantil.<\/a><\/td><td>Ver\u00f3nica Serra<\/td><\/tr><tr><td>3\u00b0 A\/ 3\u00b0 B<\/td><td><a href=\"https:\/\/isfd88-bue.infd.edu.ar\/sitio\/wp-content\/uploads\/2022\/07\/2022-TALLER-DE-SOCIALES-1.pdf\">Taller de Ciencias Sociales.<\/a><\/td><td>Christi\u00e1n Avalos<\/td><\/tr><tr><td>3\u00b0 A\/ 3\u00b0 B<\/td><td>Taller de Ciencias Naturales.<\/td><td>Gabriela Perez<\/td><\/tr><tr><td>3\u00b0 A<\/td><td><a href=\"https:\/\/isfd88-bue.infd.edu.ar\/sitio\/wp-content\/uploads\/2022\/06\/TALLER-DE-MATEMATICA-3o-A.pdf\">Taller de la Matem\u00e1tica<\/a><\/td><td>Jorge Los Arcos<\/td><\/tr><tr><td>3\u00b0 B<\/td><td><a href=\"https:\/\/isfd88-bue.infd.edu.ar\/sitio\/wp-content\/uploads\/2022\/07\/PROGRAMA-TALLER-DE-MATEMATICA-3\u00b0B.pdf\">Taller de la Matem\u00e1tica<\/a><\/td><td>Mar\u00eda Cristina Albera<\/td><\/tr><tr><td>3\u00b0 A\/ 3\u00b0 B<\/td><td><a href=\"https:\/\/isfd88-bue.infd.edu.ar\/sitio\/wp-content\/uploads\/2022\/07\/2022_INICIAL_3\u00b0A-Y-3\u00b0B_PRODUCCION-DE-MATERIALES-Y-OBJETOS-LUDICOS_CECILIA-PA.pdf\" target=\"_blank\" rel=\"noreferrer noopener\">Producci\u00f3n de materiales y objetos l\u00fadicos.<\/a><\/td><td>Cecilia Paz<\/td><\/tr><tr><td>3\u00b0 A<\/td><td><a href=\"https:\/\/isfd88-bue.infd.edu.ar\/sitio\/wp-content\/uploads\/2022\/08\/PROYECTO_HISTORIA_2022_88_INICIAL.pdf\">Historia y prospectiva de la educaci\u00f3n.<\/a><\/td><td>Cristina Pe\u00f1a<\/td><\/tr><tr><td>3\u00b0 B<\/td><td><a href=\"https:\/\/isfd88-bue.infd.edu.ar\/sitio\/wp-content\/uploads\/2022\/07\/Programa-Historia-y-Prospectiva-2022-FONDOVILA.pdf\">Historia y prospectiva de la educaci\u00f3n<\/a><\/td><td>Carlos Fondovila<\/td><\/tr><tr><td>3\u00b0 A<\/td><td><a href=\"https:\/\/isfd88-bue.infd.edu.ar\/sitio\/wp-content\/uploads\/2022\/06\/PROGRAMA-2022-Profesorado-de-Educacion-Inicial-Politica-Legislacion-y-Administracion-del-Trabajo-Escolar.pdf\" data-type=\"URL\" data-id=\"https:\/\/isfd88-bue.infd.edu.ar\/sitio\/wp-content\/uploads\/2022\/06\/PROGRAMA-2022-Profesorado-de-Educacion-Inicial-Politica-Legislacion-y-Administracion-del-Trabajo-Escolar.pdf\">Pol\u00edtica, legislaci\u00f3n y administraci\u00f3n del trabajo escolar<\/a><\/td><td>Ricardo Unrein<\/td><\/tr><tr><td>3\u00b0 B<\/td><td><a href=\"https:\/\/isfd88-bue.infd.edu.ar\/sitio\/wp-content\/uploads\/2022\/07\/ISFD-No-88.pdf\">Pol\u00edtica,legislaci\u00f3n y administraci\u00f3n del trabajo escolar<\/a><\/td><td>Sandra De Faveri<\/td><\/tr><tr><td>3\u00b0 A\/ 3\u00b0 B<\/td><td><a href=\"https:\/\/isfd88-bue.infd.edu.ar\/sitio\/wp-content\/uploads\/2022\/06\/Porgrama-Campo-de-la-practica-III-2022.pdf\" data-type=\"URL\" data-id=\"https:\/\/isfd88-bue.infd.edu.ar\/sitio\/wp-content\/uploads\/2022\/06\/Porgrama-Campo-de-la-practica-III-2022.pdf\">Campo de la Pr\u00e1ctica 3<\/a><\/td><td>Elisa Stoppa-Romina Moral-&nbsp; Cintia Perez<\/td><\/tr><tr><td>3\u00b0 A\/ 3\u00b0 B<\/td><td><a href=\"https:\/\/isfd88-bue.infd.edu.ar\/sitio\/wp-content\/uploads\/2022\/06\/2022-INICIAL-HERRAMIENTAS-DE-LA-PRA?CTICA-GONZA?LEZ-ZINNI-2.pdf\" data-type=\"URL\" data-id=\"https:\/\/isfd88-bue.infd.edu.ar\/sitio\/wp-content\/uploads\/2022\/06\/2022-INICIAL-HERRAMIENTAS-DE-LA-PRA?CTICA-GONZA?LEZ-ZINNI-2.pdf\">Herramientas de la Pr\u00e1ctica<\/a><\/td><td>M\u00f3nica Gonzalez- Susana Zinni- Gladys Garc\u00eda<\/td><\/tr><tr><td>3\u00b0 A<\/td><td><a href=\"TFO: https:\/\/isfd88-bue.infd.edu.ar\/sitio\/wp-content\/uploads\/2022\/06\/3ro-A-TFO.-ESI.-Patito-Monica..pdf\">TFO: ESI<\/a><\/td><td>M\u00f2nica Patito<\/td><\/tr><tr><td>3\u00b0 A\/ 3\u00b0 B<\/td><td><a href=\"https:\/\/isfd88-bue.infd.edu.ar\/sitio\/wp-content\/uploads\/2022\/07\/TFO-_Alfabetizacion-Inicial_-Programa-Inicial-2022.pdf\" target=\"_blank\" rel=\"noreferrer noopener\">TFO: Alfabetizaci\u00f3n inicial<\/a><\/td><td>Seibert<\/td><\/tr><tr><td>3\u00b0 B<\/td><td><a href=\"TFO: Folklore\">TFO: Folklore<\/a><\/td><td>Perez Bloise<\/td><\/tr><\/tbody><\/table><\/figure>\n\n\n\n<p>4\u00b0 a\u00f1o<\/p>\n\n\n\n<figure class=\"wp-block-table\"><table><tbody><tr><td>A\u00f1o<\/td><td>Materia<\/td><td>Curso<\/td><\/tr><tr><td>4\u00b0 A \/4\u00b0B<\/td><td><a href=\"https:\/\/isfd88-bue.infd.edu.ar\/sitio\/wp-content\/uploads\/2022\/07\/programa-2022-educ.en-y-para-salud.pdf\">Educaci\u00f3n en y para la salud.<\/a><\/td><td>Raquel Blanco<\/td><\/tr><tr><td>4\u00b0 A\/ 4\u00b0B<\/td><td><a href=\"https:\/\/isfd88-bue.infd.edu.ar\/sitio\/wp-content\/uploads\/2022\/07\/Programa-Mascitti-Ateneo-Inicial-2022.pdf\" target=\"_blank\" rel=\"noreferrer noopener\">Ateneo de pr\u00e1cticas del lenguaje y literatura.<\/a><\/td><td>Guillermo Mascitti<\/td><\/tr><tr><td>4\u00b0 A<\/td><td>Ateneo de Matem\u00e1tica<\/td><td>Susana Quintas<\/td><\/tr><tr><td>4\u00b0 B<\/td><td><a href=\"https:\/\/isfd88-bue.infd.edu.ar\/sitio\/wp-content\/uploads\/2022\/07\/PROGRAMA-ATENEO-DE-MATEMATICA.pdf\">Ateneo de Matem\u00e1tica<\/a><\/td><td>Cristina Albera<\/td><\/tr><tr><td>4\u00b0 A\/ 4\u00b0 B<\/td><td><a href=\"https:\/\/isfd88-bue.infd.edu.ar\/sitio\/wp-content\/uploads\/2022\/07\/programa-de-naturaleza-y-sociedad-2021-edici-marzo-pdf.pdf\">Ateneo de Naturaleza y sociedad<\/a><\/td><td>Javier Costa<\/td><\/tr><tr><td>4\u00b0 A\/ 4\u00b0 B<\/td><td><a href=\"https:\/\/isfd88-bue.infd.edu.ar\/sitio\/wp-content\/uploads\/2022\/06\/Programa-de-Ateneo-de-Nuevas-Expresiones-esteticas-2022-SALAS.pdf\">Ateneo de nuevas expresiones est\u00e9ticas.<\/a><\/td><td>Ana Salas<\/td><\/tr><tr><td>4\u00b0 A<\/td><td><a href=\"https:\/\/isfd88-bue.infd.edu.ar\/sitio\/wp-content\/uploads\/2022\/06\/PLANIF-2022-Reflexion_filosofica_de_la_educacion_88.docx.pdf\">Reflexi\u00f3n filos\u00f3fica de la educaci\u00f3n.<\/a><\/td><td>Javier Sancho<\/td><\/tr><tr><td>4\u00b0 B<\/td><td><a href=\"https:\/\/isfd88-bue.infd.edu.ar\/sitio\/wp-content\/uploads\/2022\/06\/Reflexion-Filosofica-Prof.-Castagna-4to-B-Inicial-2022.pdf\" data-type=\"URL\" data-id=\"https:\/\/isfd88-bue.infd.edu.ar\/sitio\/wp-content\/uploads\/2022\/06\/Reflexion-Filosofica-Prof.-Castagna-4to-B-Inicial-2022.pdf\">Reflexi\u00f3n filos\u00f3fica de la educaci\u00f3n<\/a><\/td><td>Alejandra Castagna<\/td><\/tr><tr><td>4\u00b0 A<\/td><td><a href=\"https:\/\/isfd88-bue.infd.edu.ar\/sitio\/wp-content\/uploads\/2022\/07\/2022-Dimesion_etico-politica_de_la_praxis_docentes-1.pdf\" target=\"_blank\" rel=\"noreferrer noopener\">Dimensi\u00f3n \u00e9tico-pol\u00edtica de la praxis docente.<\/a><\/td><td>Javier Sancho<\/td><\/tr><tr><td>4\u00b0B<\/td><td>Dimensi\u00f3n \u00e9tico-pol\u00edtica de la praxis docente.<\/td><td>Alejandra Castagna<\/td><\/tr><tr><td>4\u00b0 A<\/td><td><a href=\"https:\/\/isfd88-bue.infd.edu.ar\/sitio\/wp-content\/uploads\/2022\/07\/CAMPO-IV-INICIAL-2022-1-1.pdf\" target=\"_blank\" rel=\"noreferrer noopener\">Campo de la Pr\u00e1ctica docente IV<\/a><\/td><td>Cintia Perez- Fernanda luna<\/td><\/tr><tr><td><\/td><td><\/td><td><\/td><\/tr><tr><td>4\u00b0 A\/ 4\u00b0 B<\/td><td>TFO: Alfabetizaci\u00f3n digital<\/td><td>Francisco Salas<\/td><\/tr><\/tbody><\/table><\/figure>\n\n\n\n<p>&nbsp;<\/p>\n","protected":false},"excerpt":{"rendered":"<p>1\u00b0 A \/ 1\u00b0 B Taller de lectura, escritura y oralidad Bueno- Ventura 1\u00b0 A \/ 1\u00b0 B Taller de pensamiento l\u00f3gico- matem\u00e1tico Susana Quintas 1\u00b0 A Taller de Definici\u00f3n Institucional: Teatro Romina Romero&nbsp; &nbsp;Sup. Naya Plez 1\u00b0 B Taller de Definici\u00f3n Institucional: Teatro Naya Plez 1\u00b0 A\/ 1\u00b0 B Taller de Definici\u00f3n Institucional: Narraci\u00f3n &#8230; <a title=\"PROGRAMAS 2022_INICIAL\" class=\"read-more\" href=\"https:\/\/isfd88-bue.infd.edu.ar\/sitio\/programas-2022-inicial\/\" aria-label=\"More on PROGRAMAS 2022_INICIAL\">[+]<\/a><\/p>\n","protected":false},"author":2544,"featured_media":0,"parent":0,"menu_order":0,"comment_status":"closed","ping_status":"closed","template":"","meta":[],"acf":[],"_links":{"self":[{"href":"https:\/\/isfd88-bue.infd.edu.ar\/sitio\/wp-json\/wp\/v2\/pages\/4362"}],"collection":[{"href":"https:\/\/isfd88-bue.infd.edu.ar\/sitio\/wp-json\/wp\/v2\/pages"}],"about":[{"href":"https:\/\/isfd88-bue.infd.edu.ar\/sitio\/wp-json\/wp\/v2\/types\/page"}],"author":[{"embeddable":true,"href":"https:\/\/isfd88-bue.infd.edu.ar\/sitio\/wp-json\/wp\/v2\/users\/2544"}],"replies":[{"embeddable":true,"href":"https:\/\/isfd88-bue.infd.edu.ar\/sitio\/wp-json\/wp\/v2\/comments?post=4362"}],"version-history":[{"count":79,"href":"https:\/\/isfd88-bue.infd.edu.ar\/sitio\/wp-json\/wp\/v2\/pages\/4362\/revisions"}],"predecessor-version":[{"id":5188,"href":"https:\/\/isfd88-bue.infd.edu.ar\/sitio\/wp-json\/wp\/v2\/pages\/4362\/revisions\/5188"}],"wp:attachment":[{"href":"https:\/\/isfd88-bue.infd.edu.ar\/sitio\/wp-json\/wp\/v2\/media?parent=4362"}],"curies":[{"name":"wp","href":"https:\/\/api.w.org\/{rel}","templated":true}]}}