{"id":5410,"date":"2023-10-07T11:04:31","date_gmt":"2023-10-07T14:04:31","guid":{"rendered":"https:\/\/isfd88-bue.infd.edu.ar\/sitio\/?page_id=5410"},"modified":"2025-11-07T13:37:34","modified_gmt":"2025-11-07T16:37:34","slug":"entrega-de-documentacion","status":"publish","type":"page","link":"https:\/\/isfd88-bue.infd.edu.ar\/sitio\/entrega-de-documentacion\/","title":{"rendered":"ENTREGA DE DOCUMENTACI\u00d3N"},"content":{"rendered":"\n<p class=\"has-text-align-left has-contrast-color has-cool-to-warm-spectrum-gradient-background has-text-color has-background has-medium-font-size\"><strong>DOCUMENTACI\u00d3N EN FORMATO PAPEL<\/strong><\/p>\n\n\n\n<p>            <strong>FORMULARIO DE INSCRIPCI\u00d3N<\/strong> (imprimir y completar con letra clara): <\/p>\n\n\n\n<div class=\"wp-block-file\"><object class=\"wp-block-file__embed\" data=\"https:\/\/isfd88-bue.infd.edu.ar\/sitio\/wp-content\/uploads\/2023\/10\/Formacion-Docente-inicial-Tecnica-y-Artistica-Planilla-de-inscripcion-Educacion-Superior-1.pdf\" type=\"application\/pdf\" style=\"width:100%;height:600px\" aria-label=\"Incrustado de Formacion-Docente-inicial-Tecnica-y-Artistica-Planilla-de-inscripcion-Educacion-Superior-1.\"><\/object><a id=\"wp-block-file--media-30a45873-70ea-40d0-abaa-8c27ca9a2b4b\" href=\"https:\/\/isfd88-bue.infd.edu.ar\/sitio\/wp-content\/uploads\/2023\/10\/Formacion-Docente-inicial-Tecnica-y-Artistica-Planilla-de-inscripcion-Educacion-Superior-1.pdf\">Formacion-Docente-inicial-Tecnica-y-Artistica-Planilla-de-inscripcion-Educacion-Superior-1<\/a><a href=\"https:\/\/isfd88-bue.infd.edu.ar\/sitio\/wp-content\/uploads\/2023\/10\/Formacion-Docente-inicial-Tecnica-y-Artistica-Planilla-de-inscripcion-Educacion-Superior-1.pdf\" class=\"wp-block-file__button wp-element-button\" download aria-describedby=\"wp-block-file--media-30a45873-70ea-40d0-abaa-8c27ca9a2b4b\">Descarga<\/a><\/div>\n\n\n\n<div class=\"wp-block-file\"><object class=\"wp-block-file__embed\" data=\"https:\/\/isfd88-bue.infd.edu.ar\/sitio\/wp-content\/uploads\/2023\/10\/Pautas-para-completar-solicitud-inscripcion-escolar_4.pdf\" type=\"application\/pdf\" style=\"width:100%;height:600px\" aria-label=\"Incrustado de Pautas-para-completar-solicitud-inscripcion-escolar_4.\"><\/object><a id=\"wp-block-file--media-2f821c78-2c84-4c3c-b8ac-01f0b42509ee\" href=\"https:\/\/isfd88-bue.infd.edu.ar\/sitio\/wp-content\/uploads\/2023\/10\/Pautas-para-completar-solicitud-inscripcion-escolar_4.pdf\">Pautas-para-completar-solicitud-inscripcion-escolar_4<\/a><a href=\"https:\/\/isfd88-bue.infd.edu.ar\/sitio\/wp-content\/uploads\/2023\/10\/Pautas-para-completar-solicitud-inscripcion-escolar_4.pdf\" class=\"wp-block-file__button wp-element-button\" download aria-describedby=\"wp-block-file--media-2f821c78-2c84-4c3c-b8ac-01f0b42509ee\">Descarga<\/a><\/div>\n\n\n\n<p class=\"has-text-align-left has-contrast-color has-base-3-background-color has-text-color has-background has-medium-font-size\"><strong>T\u00edtulo secundario (ANAL\u00cdTICO: frente y dorso) <strong>o<\/strong> Certificado \/ constancia de ANAL\u00cdTICO EN TR\u00c1MITE<\/strong>, <strong>FOTOCOPIA DE DNI, 2 FOTOS CARNET<\/strong>.<\/p>\n\n\n\n<p class=\"has-contrast-3-background-color has-background has-medium-font-size\"><strong>FECHAS DE ENTREGA DE DOCUMENTACI\u00d3N<\/strong>: <strong>Una vez realizada la inscripci\u00f3n por medio del formulario online, se debe entregar la documentaci\u00f3n en formato papel en Preceptor\u00eda<\/strong>.<\/p>\n\n\n\n<p class=\"has-text-align-left has-base-3-background-color has-text-color has-background has-medium-font-size\" style=\"color:#f30f0f\"><strong>LA DOCUMENTACI\u00d3N DEBER\u00c1 SER ENTREGADA EN CARPETAS DE DIFERENTE COLOR, SEGUN LA CARRERA<\/strong><\/p>\n\n\n\n<p class=\"has-background has-medium-font-size\" style=\"background-color:#f8dd07\">Prof. de Lengua y Literatura: Carpeta de tres solapas <strong>amarilla.<\/strong><\/p>\n\n\n\n<p class=\"has-background has-medium-font-size\" style=\"background-color:#f57108\">Prof. de Ed. Primaria: Carpeta de tres solapas <strong>naranja<\/strong>.<\/p>\n\n\n\n<p class=\"has-background has-medium-font-size\" style=\"background-color:#2b86f2\">Prof. de Ed. Inicial: Carpeta de tres solapas <strong>celeste.<\/strong><\/p>\n\n\n\n<p class=\"has-background has-medium-font-size\" style=\"background-color:#05f539fc\">Prof. de Ingl\u00e9s: Carpeta de tres solapas <strong>verde.<\/strong><\/p>\n\n\n\n<p class=\"has-background has-medium-font-size\" style=\"background-color:#f56dce\">Tecnicatura en Gesti\u00f3n Cultural y Tecnicatura en Tiempo Libre y Recreaci\u00f3n: Carpeta de tres solapas <strong>rosa<\/strong>.<\/p>\n\n\n\n<p class=\"has-text-align-left has-base-3-background-color has-text-color has-background has-medium-font-size\" style=\"color:#f80101\"><\/p>\n","protected":false},"excerpt":{"rendered":"<p>DOCUMENTACI\u00d3N EN FORMATO PAPEL FORMULARIO DE INSCRIPCI\u00d3N (imprimir y completar con letra clara): T\u00edtulo secundario (ANAL\u00cdTICO: frente y dorso) o Certificado \/ constancia de ANAL\u00cdTICO EN TR\u00c1MITE, FOTOCOPIA DE DNI, 2 FOTOS CARNET. FECHAS DE ENTREGA DE DOCUMENTACI\u00d3N: Una vez realizada la inscripci\u00f3n por medio del formulario online, se debe entregar la documentaci\u00f3n en formato &#8230; <a title=\"ENTREGA DE DOCUMENTACI\u00d3N\" class=\"read-more\" href=\"https:\/\/isfd88-bue.infd.edu.ar\/sitio\/entrega-de-documentacion\/\" aria-label=\"More on ENTREGA DE DOCUMENTACI\u00d3N\">[+]<\/a><\/p>\n","protected":false},"author":119,"featured_media":0,"parent":0,"menu_order":0,"comment_status":"closed","ping_status":"closed","template":"","meta":[],"acf":[],"_links":{"self":[{"href":"https:\/\/isfd88-bue.infd.edu.ar\/sitio\/wp-json\/wp\/v2\/pages\/5410"}],"collection":[{"href":"https:\/\/isfd88-bue.infd.edu.ar\/sitio\/wp-json\/wp\/v2\/pages"}],"about":[{"href":"https:\/\/isfd88-bue.infd.edu.ar\/sitio\/wp-json\/wp\/v2\/types\/page"}],"author":[{"embeddable":true,"href":"https:\/\/isfd88-bue.infd.edu.ar\/sitio\/wp-json\/wp\/v2\/users\/119"}],"replies":[{"embeddable":true,"href":"https:\/\/isfd88-bue.infd.edu.ar\/sitio\/wp-json\/wp\/v2\/comments?post=5410"}],"version-history":[{"count":16,"href":"https:\/\/isfd88-bue.infd.edu.ar\/sitio\/wp-json\/wp\/v2\/pages\/5410\/revisions"}],"predecessor-version":[{"id":6313,"href":"https:\/\/isfd88-bue.infd.edu.ar\/sitio\/wp-json\/wp\/v2\/pages\/5410\/revisions\/6313"}],"wp:attachment":[{"href":"https:\/\/isfd88-bue.infd.edu.ar\/sitio\/wp-json\/wp\/v2\/media?parent=5410"}],"curies":[{"name":"wp","href":"https:\/\/api.w.org\/{rel}","templated":true}]}}