{"id":5512,"date":"2023-10-11T21:26:25","date_gmt":"2023-10-12T00:26:25","guid":{"rendered":"https:\/\/isfd88-bue.infd.edu.ar\/sitio\/?page_id=5512"},"modified":"2024-04-15T11:26:09","modified_gmt":"2024-04-15T14:26:09","slug":"correlatividades-3","status":"publish","type":"page","link":"https:\/\/isfd88-bue.infd.edu.ar\/sitio\/correlatividades-3\/","title":{"rendered":"Correlatividades"},"content":{"rendered":"\n<p><\/p>\n\n\n\n<p><strong>PROFESORADO EN EDUCACI\u00d3N PRIMARIA<\/strong><\/p>\n\n\n\n<p><strong>Resoluci\u00f3n 4154\/07 y modif. 1117\/09<\/strong><\/p>\n\n\n\n<p>RSC-2023-52216278-GDEBA-DGCYE &#8211; ANEXO 3<\/p>\n\n\n\n<p><strong>Este r\u00e9gimen de correlatividades establece los requisitos para cursar<\/strong><\/p>\n\n\n\n<figure class=\"wp-block-table\"><table><tbody><tr><td><strong>Unidades curriculares de 2\u00b0 a\u00f1o<\/strong><\/td><td><br><strong>Cursada aprobada de:<\/strong><\/td><td><br><strong>Unidad curricular acreditada<\/strong><\/td><\/tr><tr><td>Psicolog\u00eda del Desarrollo y el Aprendizaje II<\/td><td>Psicolog\u00eda del Desarrollo y el Aprendizaje I<\/td><td>\u2014&#8211;<\/td><\/tr><tr><td>Psicolog\u00eda Social e Institucional<\/td><td>\u2014&#8211;<\/td><td>\u2014&#8211;<\/td><\/tr><tr><td>Cultura, Comunicaci\u00f3n y Educaci\u00f3n<\/td><td>\u2014&#8211;<\/td><td>\u2014&#8211;<\/td><\/tr><tr><td>Educaci\u00f3n Art\u00edstica<\/td><td>\u2014&#8211;<\/td><td>\u2014&#8211;<\/td><\/tr><tr><td>Did\u00e1ctica de Pr\u00e1cticas del Lenguaje y la Literatura I<\/td><td>\u2014&#8211;<\/td><td>\u2014&#8211;<\/td><\/tr><tr><td>Did\u00e1ctica de las Ciencias Sociales I<\/td><td>\u2014&#8211;<\/td><td>\u2014&#8211;<\/td><\/tr><tr><td>Did\u00e1ctica de las Ciencias Naturales I<\/td><td>\u2014&#8211;<\/td><td>\u2014&#8211;<\/td><\/tr><tr><td>Did\u00e1ctica de la Matem\u00e1tica I<\/td><td>\u2014&#8211;<\/td><td>\u2014&#8211;<\/td><\/tr><tr><td>Teor\u00edas Sociopol\u00edticas y Educaci\u00f3n<\/td><td>\u2014&#8211;<\/td><td>\u2014&#8211;<\/td><\/tr><tr><td>Did\u00e1ctica y Curriculum del Nivel Primario<\/td><td>Did\u00e1ctica General<\/td><td>\u2014&#8211;<\/td><\/tr><tr><td>Campo de la Pr\u00e1ctica Docente II<\/td><td>\u2014&#8211;<\/td><td>Campo de la Pr\u00e1ctica Docente I<\/td><\/tr><tr><td><strong>Unidades curriculares de 3\u00b0 a\u00f1o<\/strong><\/td><td><br><strong>Cursada aprobada de:<\/strong><\/td><td><br><strong>Unidad curricular acreditada<\/strong><\/td><\/tr><tr><td>Configuraciones Culturales del Sujeto Educativo de Primaria<\/td><td>Psicolog\u00eda Social e Institucional<\/td><td>\u2014&#8211;<\/td><\/tr><tr><td>Medios Audiovisulaes, TICs y Educaci\u00f3n<\/td><td>\u2014&#8211;<\/td><td>\u2014&#8211;<\/td><\/tr><tr><td>Educaci\u00f3n F\u00edsica Escolar<\/td><td>\u2014&#8211;<\/td><td>\u2014&#8211;<\/td><\/tr><tr><td>Did\u00e1ctica de Pr\u00e1cticas del Lenguaje y la Literatura II<\/td><td>Did\u00e1ctica de Pr\u00e1cticas del Lenguaje y la Literatura I<\/td><td>\u2014&#8211;<\/td><\/tr><tr><td>Did\u00e1ctica de las Ciencias Sociales II<\/td><td>Did\u00e1ctica de las Ciencias Sociales I<\/td><td>\u2014&#8211;<\/td><\/tr><tr><td>Did\u00e1ctica de las Ciencias Naturales II<\/td><td>Did\u00e1ctica de las Ciencias Naturales I<\/td><td>\u2014&#8211;<\/td><\/tr><\/tbody><\/table><\/figure>\n\n\n\n<h1 class=\"wp-block-heading\"><\/h1>\n\n\n\n<figure class=\"wp-block-table\"><table><tbody><tr><td>Did\u00e1ctica de la Matem\u00e1tica II<\/td><td>Did\u00e1ctica de la Matem\u00e1tica I<\/td><td>\u2014&#8211;<\/td><\/tr><tr><td>Historia y Prospectiva de la Educaci\u00f3n<\/td><td>\u2014&#8211;<\/td><td>\u2014&#8211;<\/td><\/tr><tr><td>Pol\u00edticas, Legislaci\u00f3n y Administraci\u00f3n del Trabajo Escolar<\/td><td>\u2014&#8211;<\/td><td>\u2014&#8211;<\/td><\/tr><tr><td>Campo de la Pr\u00e1ctica Docente III<\/td><td>Todas las unidades Curriculares de primer a\u00f1o<\/td><td>Campo de la pr\u00e1ctica docente II Did\u00e1ctica de las Pr\u00e1cticas del Lenguaje y la Literatura I Did\u00e1ctica de las Ciencias Sociales IDid\u00e1ctica de las Ciencias Naturales IDid\u00e1ctica de la Matem\u00e1tica IDid\u00e1ctica y Curriculum del Nivel Primario<\/td><\/tr><tr><td><strong>Unidades curriculares de 4\u00b0 a\u00f1o<\/strong><\/td><td><strong>Cursada aprobada de:<\/strong><\/td><td><strong>Unidad curricular acreditada<\/strong><\/td><\/tr><tr><td>Pedagog\u00eda Cr\u00edtica de las Diferencias<\/td><td>\u2014&#8211;<\/td><td>\u2014&#8211;<\/td><\/tr><tr><td>Ateneo de Pr\u00e1cticas del Lenguaje y la Literatura<\/td><td>Did\u00e1ctica de Pr\u00e1cticas del Lenguaje y la Literatura II<\/td><td>\u2014&#8211;<\/td><\/tr><tr><td>Ateneo de Matem\u00e1tica<\/td><td>Did\u00e1ctica de la Matem\u00e1tica II<\/td><td>\u2014&#8211;<\/td><\/tr><tr><td>Ateneo de Ciencias Naturales<\/td><td>Did\u00e1ctica de las Ciencias Naturales II<\/td><td>\u2014&#8211;<\/td><\/tr><tr><td>Ateneo de Ciencias Sociales<\/td><td>Did\u00e1ctica de las Ciencias Sociales II<\/td><td>\u2014&#8211;<\/td><\/tr><tr><td>Reflexi\u00f3n Filos\u00f3fica de la Educaci\u00f3n<\/td><td>Filosof\u00eda Pedagog\u00eda<\/td><td>\u2014&#8211;<\/td><\/tr><tr><td>Dimensi\u00f3n \u00e9tico-pol\u00edtica de la Praxis Docente<\/td><td>Teor\u00edas Sociopol\u00edticas y Educaci\u00f3n<\/td><td>\u2014&#8211;<\/td><\/tr><tr><td>Campo de la Pr\u00e1ctica Docente IV<\/td><td>Todas las unidades Curriculares de segundo a\u00f1o<\/td><td>Campo de la Pr\u00e1ctica Docente IIIDid\u00e1ctica de las Ciencias Sociales IIDid\u00e1ctica de las Ciencias Naturales IIDid\u00e1ctica de las Pr\u00e1cticas delLenguaje y la Literatura II Did\u00e1ctica de la Matem\u00e1tica II<\/td><\/tr><\/tbody><\/table><\/figure>\n\n\n\n<p><\/p>\n\n\n\n<p><\/p>\n\n\n\n\n\n<p><strong>OBSERVACIONES: El Campo de Actualizaci\u00f3n Formativa ser\u00e1 acreditado por Promoci\u00f3n sin &nbsp;<\/strong><strong>examen final.<\/strong><\/p>\n\n\n\n<p>Nota:\u00a0El Espacio de la Pr\u00e1ctica Docente , talleres, Espacios de Definici\u00f3n Institucional, Trayectos Formativos Opcionales y Ateneos deber\u00e1n ser acreditados dentro del mismo ciclo lectivo en el que se realiza la cursada.  Caso contrario deber\u00e1 recursarse.<\/p>\n","protected":false},"excerpt":{"rendered":"<p>PROFESORADO EN EDUCACI\u00d3N PRIMARIA Resoluci\u00f3n 4154\/07 y modif. 1117\/09 RSC-2023-52216278-GDEBA-DGCYE &#8211; ANEXO 3 Este r\u00e9gimen de correlatividades establece los requisitos para cursar Unidades curriculares de 2\u00b0 a\u00f1o Cursada aprobada de: Unidad curricular acreditada Psicolog\u00eda del Desarrollo y el Aprendizaje II Psicolog\u00eda del Desarrollo y el Aprendizaje I \u2014&#8211; Psicolog\u00eda Social e Institucional \u2014&#8211; \u2014&#8211; Cultura, &#8230; <a title=\"Correlatividades\" class=\"read-more\" href=\"https:\/\/isfd88-bue.infd.edu.ar\/sitio\/correlatividades-3\/\" aria-label=\"More on Correlatividades\">[+]<\/a><\/p>\n","protected":false},"author":119,"featured_media":0,"parent":0,"menu_order":0,"comment_status":"closed","ping_status":"closed","template":"","meta":[],"acf":[],"_links":{"self":[{"href":"https:\/\/isfd88-bue.infd.edu.ar\/sitio\/wp-json\/wp\/v2\/pages\/5512"}],"collection":[{"href":"https:\/\/isfd88-bue.infd.edu.ar\/sitio\/wp-json\/wp\/v2\/pages"}],"about":[{"href":"https:\/\/isfd88-bue.infd.edu.ar\/sitio\/wp-json\/wp\/v2\/types\/page"}],"author":[{"embeddable":true,"href":"https:\/\/isfd88-bue.infd.edu.ar\/sitio\/wp-json\/wp\/v2\/users\/119"}],"replies":[{"embeddable":true,"href":"https:\/\/isfd88-bue.infd.edu.ar\/sitio\/wp-json\/wp\/v2\/comments?post=5512"}],"version-history":[{"count":5,"href":"https:\/\/isfd88-bue.infd.edu.ar\/sitio\/wp-json\/wp\/v2\/pages\/5512\/revisions"}],"predecessor-version":[{"id":5743,"href":"https:\/\/isfd88-bue.infd.edu.ar\/sitio\/wp-json\/wp\/v2\/pages\/5512\/revisions\/5743"}],"wp:attachment":[{"href":"https:\/\/isfd88-bue.infd.edu.ar\/sitio\/wp-json\/wp\/v2\/media?parent=5512"}],"curies":[{"name":"wp","href":"https:\/\/api.w.org\/{rel}","templated":true}]}}