{"id":5624,"date":"2023-12-18T20:03:54","date_gmt":"2023-12-18T23:03:54","guid":{"rendered":"https:\/\/isfd88-bue.infd.edu.ar\/sitio\/?page_id=5624"},"modified":"2023-12-28T18:53:46","modified_gmt":"2023-12-28T21:53:46","slug":"solicitud-de-pases","status":"publish","type":"page","link":"https:\/\/isfd88-bue.infd.edu.ar\/sitio\/solicitud-de-pases\/","title":{"rendered":"Solicitud de Pase"},"content":{"rendered":"\n<p class=\"has-pale-ocean-gradient-background has-background\">Aquellos interesados en solicitar pase deber\u00e1n completar el siguiente formulario <a rel=\"noreferrer noopener\" href=\"https:\/\/forms.gle\/ZdszpPPRZS1aCqwb6\" target=\"_blank\">https:\/\/forms.gle\/ZdszpPPRZS1aCqwb6<\/a> y adjuntar  todo lo solicitado  ( motivos de la solicitud de pase, instituto de origen, carrera. Adem\u00e1s solicitar, para adjuntar, en la instituci\u00f3n de procedencia un <strong>anal\u00edtico con las materias aprobadas y materias que adeuda final<\/strong>&nbsp;emitida con firma y sello de autoridad)<\/p>\n\n\n\n<p>Tener en cuenta:&nbsp;<\/p>\n\n\n\n<ul>\n<li>La Solicitud no garantiza el otorgamiento de la vacante.<\/li>\n<\/ul>\n\n\n\n<ul>\n<li>La respuesta se podr\u00e1 dar al menos una semana despu\u00e9s que se inicien las clases, en cada ciclo lectivo. Puede ser negativa,&nbsp; ya que el otorgamiento depende de los lugares disponibles de cada a\u00f1o y carrera.<\/li>\n<\/ul>\n","protected":false},"excerpt":{"rendered":"<p>Aquellos interesados en solicitar pase deber\u00e1n completar el siguiente formulario https:\/\/forms.gle\/ZdszpPPRZS1aCqwb6 y adjuntar todo lo solicitado ( motivos de la solicitud de pase, instituto de origen, carrera. Adem\u00e1s solicitar, para adjuntar, en la instituci\u00f3n de procedencia un anal\u00edtico con las materias aprobadas y materias que adeuda final&nbsp;emitida con firma y sello de autoridad) Tener en &#8230; <a title=\"Solicitud de Pase\" class=\"read-more\" href=\"https:\/\/isfd88-bue.infd.edu.ar\/sitio\/solicitud-de-pases\/\" aria-label=\"More on Solicitud de Pase\">[+]<\/a><\/p>\n","protected":false},"author":119,"featured_media":0,"parent":0,"menu_order":0,"comment_status":"closed","ping_status":"closed","template":"","meta":[],"acf":[],"_links":{"self":[{"href":"https:\/\/isfd88-bue.infd.edu.ar\/sitio\/wp-json\/wp\/v2\/pages\/5624"}],"collection":[{"href":"https:\/\/isfd88-bue.infd.edu.ar\/sitio\/wp-json\/wp\/v2\/pages"}],"about":[{"href":"https:\/\/isfd88-bue.infd.edu.ar\/sitio\/wp-json\/wp\/v2\/types\/page"}],"author":[{"embeddable":true,"href":"https:\/\/isfd88-bue.infd.edu.ar\/sitio\/wp-json\/wp\/v2\/users\/119"}],"replies":[{"embeddable":true,"href":"https:\/\/isfd88-bue.infd.edu.ar\/sitio\/wp-json\/wp\/v2\/comments?post=5624"}],"version-history":[{"count":6,"href":"https:\/\/isfd88-bue.infd.edu.ar\/sitio\/wp-json\/wp\/v2\/pages\/5624\/revisions"}],"predecessor-version":[{"id":5646,"href":"https:\/\/isfd88-bue.infd.edu.ar\/sitio\/wp-json\/wp\/v2\/pages\/5624\/revisions\/5646"}],"wp:attachment":[{"href":"https:\/\/isfd88-bue.infd.edu.ar\/sitio\/wp-json\/wp\/v2\/media?parent=5624"}],"curies":[{"name":"wp","href":"https:\/\/api.w.org\/{rel}","templated":true}]}}