{"id":6026,"date":"2024-12-21T09:48:01","date_gmt":"2024-12-21T12:48:01","guid":{"rendered":"https:\/\/isfd88-bue.infd.edu.ar\/sitio\/?page_id=6026"},"modified":"2024-12-21T09:57:09","modified_gmt":"2024-12-21T12:57:09","slug":"sobre-la-carrera-5","status":"publish","type":"page","link":"https:\/\/isfd88-bue.infd.edu.ar\/sitio\/sobre-la-carrera-5\/","title":{"rendered":"SOBRE LA CARRERA"},"content":{"rendered":"\n<div class=\"wp-block-cover is-light\"><span aria-hidden=\"true\" class=\"wp-block-cover__background has-background-dim\"><\/span><img decoding=\"async\" loading=\"lazy\" width=\"1900\" height=\"1267\" class=\"wp-block-cover__image-background wp-image-6028\" alt=\"\" src=\"https:\/\/isfd88-bue.infd.edu.ar\/sitio\/wp-content\/uploads\/2024\/12\/luca-upper-Z-4kOr93RCI-unsplash-1900x1267.jpg\" data-object-fit=\"cover\" srcset=\"https:\/\/isfd88-bue.infd.edu.ar\/sitio\/wp-content\/uploads\/2024\/12\/luca-upper-Z-4kOr93RCI-unsplash-1900x1267.jpg 1900w, https:\/\/isfd88-bue.infd.edu.ar\/sitio\/wp-content\/uploads\/2024\/12\/luca-upper-Z-4kOr93RCI-unsplash-1000x667.jpg 1000w, https:\/\/isfd88-bue.infd.edu.ar\/sitio\/wp-content\/uploads\/2024\/12\/luca-upper-Z-4kOr93RCI-unsplash-768x512.jpg 768w, https:\/\/isfd88-bue.infd.edu.ar\/sitio\/wp-content\/uploads\/2024\/12\/luca-upper-Z-4kOr93RCI-unsplash-1536x1024.jpg 1536w, https:\/\/isfd88-bue.infd.edu.ar\/sitio\/wp-content\/uploads\/2024\/12\/luca-upper-Z-4kOr93RCI-unsplash-2048x1365.jpg 2048w\" sizes=\"(max-width: 1900px) 100vw, 1900px\" \/><div class=\"wp-block-cover__inner-container\">\n<p class=\"has-text-align-left has-base-2-color has-text-color has-medium-font-size\">La Tecnicatura Superior en Tiempo Libre y Recreaci\u00f3n surge como propuesta de carrera<br>del Nivel Superior de Formaci\u00f3n T\u00e9cnica para formar profesionales capaces de insertarse en el<br>amplio y diverso mundo del trabajo vinculado con las pr\u00e1cticas recreativas y de uso creativo del<br>tiempo libre.<br>El principal prop\u00f3sito de la carrera es contribuir al derecho de toda la sociedad al tiempo<br>libre y la recreaci\u00f3n, en todas sus manifestaciones posibles, a trav\u00e9s de la formaci\u00f3n de<br>T\u00e9cnicas\/os Superiores en Tiempo Libre y Recreaci\u00f3n con una s\u00f3lida formaci\u00f3n para el dise\u00f1o,<br>el desarrollo y la promoci\u00f3n de pr\u00e1cticas recreativas significativas, inclusivas y democr\u00e1ticas.<br>La formaci\u00f3n de T\u00e9cnicas\/os Superiores en Tiempo Libre y Recreaci\u00f3n, desde esta<br>perspectiva, se pone al servicio de asegurar y desarrollar el derecho de cada persona y de la<br>poblaci\u00f3n en su conjunto a las pr\u00e1cticas recreativas con diversos prop\u00f3sitos, como espacio de<br>socializaci\u00f3n y esparcimiento y en procura del bienestar personal y grupal.<\/p>\n<\/div><\/div>\n\n\n<div class=\"wp-block-image\">\n<figure class=\"alignright size-large is-resized\"><img decoding=\"async\" loading=\"lazy\" src=\"https:\/\/isfd88-bue.infd.edu.ar\/sitio\/wp-content\/uploads\/2024\/12\/robert-collins-tvc5imO5pXk-unsplash-3-1900x1315.jpg\" alt=\"\" class=\"wp-image-6032\" width=\"565\" height=\"391\" srcset=\"https:\/\/isfd88-bue.infd.edu.ar\/sitio\/wp-content\/uploads\/2024\/12\/robert-collins-tvc5imO5pXk-unsplash-3-1900x1315.jpg 1900w, https:\/\/isfd88-bue.infd.edu.ar\/sitio\/wp-content\/uploads\/2024\/12\/robert-collins-tvc5imO5pXk-unsplash-3-1000x692.jpg 1000w, https:\/\/isfd88-bue.infd.edu.ar\/sitio\/wp-content\/uploads\/2024\/12\/robert-collins-tvc5imO5pXk-unsplash-3-768x532.jpg 768w, https:\/\/isfd88-bue.infd.edu.ar\/sitio\/wp-content\/uploads\/2024\/12\/robert-collins-tvc5imO5pXk-unsplash-3-1536x1063.jpg 1536w, https:\/\/isfd88-bue.infd.edu.ar\/sitio\/wp-content\/uploads\/2024\/12\/robert-collins-tvc5imO5pXk-unsplash-3-2048x1418.jpg 2048w\" sizes=\"(max-width: 565px) 100vw, 565px\" \/><\/figure><\/div>\n\n\n<p class=\"has-base-2-color has-text-color has-background has-medium-font-size\" style=\"background:linear-gradient(135deg,rgb(2,3,129) 0%,rgb(40,116,252) 62%)\">La Tecnicatura Superior en Tiempo Libre y Recreaci\u00f3n se propone<br>abordar intencional y sistem\u00e1ticamente la producci\u00f3n de conocimientos as\u00ed como la transmisi\u00f3n<br>de las capacidades necesarias de las\/os futuras\/os T\u00e9cnicas\/os Superiores con la mirada<br>puesta en el dise\u00f1o, la gesti\u00f3n y el desarrollo de propuestas recreativas que aborden<br>manifestaciones culturales corporales, art\u00edsticas, motrices, l\u00fadicas y est\u00e9ticas que sean<br>oportunas y pertinentes, seg\u00fan las personas participantes, sus intereses, la intencionalidad de<br>realizaci\u00f3n y el \u00e1mbito institucional donde se desarrollen.<br>La carrera se propone problematizar el campo del Tiempo Libre y la Recreaci\u00f3n poniendo<br>el foco en las personas y grupos sociales que ejercen un derecho social -a partir del despliegue<br>de propuestas significativas y adecuadas- superando miradas asistencialistas, consumistas o<br>empobrecedoras respecto al Tiempo Libre y la Recreaci\u00f3n. Se considera fundante como<br>encuadre, que las\/os futuras\/os T\u00e9cnicas\/os Superiores desarrollen una perspectiva amplia,<br>human\u00edstica y social de las pr\u00e1cticas recreativas, brindando espacio a la diversidad de<br>intereses, de posibilidades y gustos de los sujetos, creando herramientas para la propia gesti\u00f3n<br>del tiempo libre y los momentos de recreaci\u00f3n.<\/p>\n\n\n\n<p class=\"has-luminous-dusk-gradient-background has-background has-medium-font-size\"><strong>Alcance del Perfil Profesional<\/strong><br>La\/El T\u00e9cnica\/o Superior en Tiempo Libre y Recreaci\u00f3n es una\/o profesional con la<br>formaci\u00f3n necesaria para desempe\u00f1arse en el campo de las pr\u00e1cticas recreativas y el acceso<br>al tiempo libre atendiendo a la diversidad de personas, \u00e1mbitos institucionales y prop\u00f3sitos.<br>Se encuentra capacitada\/o para planificar, diagnosticar, desarrollar y evaluar propuestas<br>de pr\u00e1cticas recreativas, en funci\u00f3n de las personas participantes, prop\u00f3sitos y \u00e1mbitos de<br>realizaci\u00f3n de las mismas. Del mismo modo, se encuentra habilitado\/a para coordinar grupos<br>de trabajo de forma reflexiva, comprometida y al servicio de asegurar el acceso a las pr\u00e1cticas<br>recreativas y del tiempo libre por parte de la poblaci\u00f3n, siendo un\/a agente de promoci\u00f3n<br>cultural. Tambi\u00e9n posee la formaci\u00f3n para asesorar a otras\/os profesionales en materia<br>recreativa e integrar equipos interdisciplinarios.<br>Una\/un T\u00e9cnica\/o Superior en Tiempo Libre y Recreaci\u00f3n comprende el valor de la<br>recreaci\u00f3n y el aprovechamiento creativo del tiempo libre en las sociedades contempor\u00e1neas,<br>ponderando el valor social y cultural del mismo as\u00ed como respetando las posibilidades de cada<br>sujeto, sin distinciones de g\u00e9nero, clases sociales, culturas, edades, experiencias previas ni<br>posibilidades.<br>Adem\u00e1s, posee capacidad para la organizaci\u00f3n de eventos recreativos, el trabajo<br>interdisciplinario con otros perfiles, profesionales, de forma aut\u00f3noma, en trabajo colaborativo<br>y\/o en marcos institucionales y prestar asesor\u00eda a otras\/os t\u00e9cnicas\/os, profesionales, sujetos y<br>organizaciones vinculadas con el mundo del Tiempo Libre y la Recreaci\u00f3n.<\/p>\n","protected":false},"excerpt":{"rendered":"<p>La Tecnicatura Superior en Tiempo Libre y Recreaci\u00f3n se proponeabordar intencional y sistem\u00e1ticamente la producci\u00f3n de conocimientos as\u00ed como la transmisi\u00f3nde las capacidades necesarias de las\/os futuras\/os T\u00e9cnicas\/os Superiores con la miradapuesta en el dise\u00f1o, la gesti\u00f3n y el desarrollo de propuestas recreativas que abordenmanifestaciones culturales corporales, art\u00edsticas, motrices, l\u00fadicas y est\u00e9ticas que seanoportunas y &#8230; <a title=\"SOBRE LA CARRERA\" class=\"read-more\" href=\"https:\/\/isfd88-bue.infd.edu.ar\/sitio\/sobre-la-carrera-5\/\" aria-label=\"More on SOBRE LA CARRERA\">[+]<\/a><\/p>\n","protected":false},"author":119,"featured_media":0,"parent":0,"menu_order":0,"comment_status":"closed","ping_status":"closed","template":"","meta":[],"acf":[],"_links":{"self":[{"href":"https:\/\/isfd88-bue.infd.edu.ar\/sitio\/wp-json\/wp\/v2\/pages\/6026"}],"collection":[{"href":"https:\/\/isfd88-bue.infd.edu.ar\/sitio\/wp-json\/wp\/v2\/pages"}],"about":[{"href":"https:\/\/isfd88-bue.infd.edu.ar\/sitio\/wp-json\/wp\/v2\/types\/page"}],"author":[{"embeddable":true,"href":"https:\/\/isfd88-bue.infd.edu.ar\/sitio\/wp-json\/wp\/v2\/users\/119"}],"replies":[{"embeddable":true,"href":"https:\/\/isfd88-bue.infd.edu.ar\/sitio\/wp-json\/wp\/v2\/comments?post=6026"}],"version-history":[{"count":1,"href":"https:\/\/isfd88-bue.infd.edu.ar\/sitio\/wp-json\/wp\/v2\/pages\/6026\/revisions"}],"predecessor-version":[{"id":6033,"href":"https:\/\/isfd88-bue.infd.edu.ar\/sitio\/wp-json\/wp\/v2\/pages\/6026\/revisions\/6033"}],"wp:attachment":[{"href":"https:\/\/isfd88-bue.infd.edu.ar\/sitio\/wp-json\/wp\/v2\/media?parent=6026"}],"curies":[{"name":"wp","href":"https:\/\/api.w.org\/{rel}","templated":true}]}}