{"id":6171,"date":"2025-03-26T13:33:59","date_gmt":"2025-03-26T16:33:59","guid":{"rendered":"https:\/\/isfd88-bue.infd.edu.ar\/sitio\/?page_id=6171"},"modified":"2025-03-26T14:11:16","modified_gmt":"2025-03-26T17:11:16","slug":"equivalencias","status":"publish","type":"page","link":"https:\/\/isfd88-bue.infd.edu.ar\/sitio\/equivalencias\/","title":{"rendered":"EQUIVALENCIAS"},"content":{"rendered":"\n<p>En ambos casos Las Equivalencias se solicitan antes del&nbsp;<strong>30 de Abril<\/strong>&nbsp;<\/p>\n\n\n\n<p><em><strong>Equivalencias Autom\u00e1ticas<\/strong>:<\/em> Ram 4196\/2024 &#8230;\u00bbSe otorgar\u00e1 equivalencia autom\u00e1tica cuando se trate de&nbsp;<strong>unidades curriculares con la misma denominaci\u00f3n y contenidos<\/strong>&nbsp;en los planes de estudio de las carreras vigentes en la jurisdicci\u00f3n\u00bb.<\/p>\n\n\n\n<p><strong><em>Pautas de Solicitud:<\/em><\/strong>\u00a0Solicitar con nota firmada en la secretaria del Instituto antes del 30 de abril, acompa\u00f1ar con certificado anal\u00edtico de estudios realizados. Presentar solo planilla Resumen (descargar mas abajo). Cursar la unidad curricular hasta tanto se notifique la equivalencia.<\/p>\n\n\n\n<p><strong><em>Equivalencia Total o Parcia<\/em><\/strong><strong><em>l<\/em><\/strong><em>:<\/em><em>&nbsp;<\/em><em>Se podr\u00e1n acreditar unidades curriculares mediante equivalencia, podr\u00e1 ser parcial o total . En ambos casos, se ponderan los saberes acreditados en carreras del nivel superior reconocidas.<\/em><\/p>\n\n\n\n<p>Pautas de solicitud\u00a0: Solicitar con nota firmada antes del 31 de abril, junto con las\u00a0 planillas correspondientes ( podes descargarlas o las encontras en fotocopiadora Kiosco esq. 12 de Octubre),\u00a0programas certificados de cada una de la materia a solicitar, adjuntar certificado de materias aprobadas con fecha y nota de aprobaci\u00f3n. todo en carpeta 3 solapas. Cursar la unidad\u00a0 curricular hasta tanto se notifique\u00a0la equivalencia.<\/p>\n\n\n\n<p><strong><em>FORMULARIOS A PRESENTAR<\/em><\/strong><strong><em>: PLANILLA RESUMEN Y PLANILLA POR ASIGNATURA (SER\u00c1N TANTAS COMO EQUIVALENCIAS PIDAS)<\/em><\/strong><\/p>\n\n\n\n<p><strong><em>IMPORTANTE:&nbsp;<\/em><\/strong><\/p>\n\n\n\n<p><strong><em>*NO SE RECIBIR\u00c1N CARPETAS QUE ADEUDEN DOCUMENTACI\u00d3N&nbsp;<\/em><\/strong><\/p>\n\n\n\n<p>TODAS LAS DUDAS SE CONSULTAN PERSONALMENTE EN LA PRECEPTOR\u00cdA DE SEDE SALTA.<\/p>\n\n\n\n<p class=\"has-background has-medium-font-size\" style=\"background:linear-gradient(135deg,rgb(6,147,227) 53%,rgb(155,81,224) 60%)\"><strong>DOCUMENTACION PARA COMPLETAR<\/strong><\/p>\n\n\n\n<p><a href=\"https:\/\/drive.google.com\/file\/d\/1tMMScHWCQK8Ofl3vLqJvniqXuO66JEH8\/view?usp=sharing\" target=\"_blank\" rel=\"noreferrer noopener\">EQUIVALENCIA POR ASIGNATURA<\/a><\/p>\n\n\n\n<p><a href=\"https:\/\/drive.google.com\/file\/d\/1MaZb8u_OVxUH15nM24vyrkiEdhUUarZP\/view?usp=sharing\" target=\"_blank\" rel=\"noreferrer noopener\">EQUIVALENCIA GENERAL<\/a><\/p>\n","protected":false},"excerpt":{"rendered":"<p>En ambos casos Las Equivalencias se solicitan antes del&nbsp;30 de Abril&nbsp; Equivalencias Autom\u00e1ticas: Ram 4196\/2024 &#8230;\u00bbSe otorgar\u00e1 equivalencia autom\u00e1tica cuando se trate de&nbsp;unidades curriculares con la misma denominaci\u00f3n y contenidos&nbsp;en los planes de estudio de las carreras vigentes en la jurisdicci\u00f3n\u00bb. Pautas de Solicitud:\u00a0Solicitar con nota firmada en la secretaria del Instituto antes del 30 &#8230; <a title=\"EQUIVALENCIAS\" class=\"read-more\" href=\"https:\/\/isfd88-bue.infd.edu.ar\/sitio\/equivalencias\/\" aria-label=\"More on EQUIVALENCIAS\">[+]<\/a><\/p>\n","protected":false},"author":119,"featured_media":0,"parent":0,"menu_order":0,"comment_status":"closed","ping_status":"closed","template":"","meta":[],"acf":[],"_links":{"self":[{"href":"https:\/\/isfd88-bue.infd.edu.ar\/sitio\/wp-json\/wp\/v2\/pages\/6171"}],"collection":[{"href":"https:\/\/isfd88-bue.infd.edu.ar\/sitio\/wp-json\/wp\/v2\/pages"}],"about":[{"href":"https:\/\/isfd88-bue.infd.edu.ar\/sitio\/wp-json\/wp\/v2\/types\/page"}],"author":[{"embeddable":true,"href":"https:\/\/isfd88-bue.infd.edu.ar\/sitio\/wp-json\/wp\/v2\/users\/119"}],"replies":[{"embeddable":true,"href":"https:\/\/isfd88-bue.infd.edu.ar\/sitio\/wp-json\/wp\/v2\/comments?post=6171"}],"version-history":[{"count":3,"href":"https:\/\/isfd88-bue.infd.edu.ar\/sitio\/wp-json\/wp\/v2\/pages\/6171\/revisions"}],"predecessor-version":[{"id":6181,"href":"https:\/\/isfd88-bue.infd.edu.ar\/sitio\/wp-json\/wp\/v2\/pages\/6171\/revisions\/6181"}],"wp:attachment":[{"href":"https:\/\/isfd88-bue.infd.edu.ar\/sitio\/wp-json\/wp\/v2\/media?parent=6171"}],"curies":[{"name":"wp","href":"https:\/\/api.w.org\/{rel}","templated":true}]}}