{"id":6388,"date":"2025-12-02T18:07:21","date_gmt":"2025-12-02T21:07:21","guid":{"rendered":"https:\/\/isfd88-bue.infd.edu.ar\/sitio\/?page_id=6388"},"modified":"2026-03-05T09:25:36","modified_gmt":"2026-03-05T12:25:36","slug":"%f0%9f%93%9a-biblioteca-isfdyt-n88","status":"publish","type":"page","link":"https:\/\/isfd88-bue.infd.edu.ar\/sitio\/%f0%9f%93%9a-biblioteca-isfdyt-n88\/","title":{"rendered":"&#x1f4da; BIBLIOTECA\u00a0 ISFDyT N\u00b088"},"content":{"rendered":"\n<div class=\"wp-block-cover\" style=\"min-height:85px\"><span aria-hidden=\"true\" class=\"wp-block-cover__background has-background-dim\"><\/span><img decoding=\"async\" loading=\"lazy\" width=\"602\" height=\"351\" class=\"wp-block-cover__image-background wp-image-6396\" alt=\"\" src=\"https:\/\/isfd88-bue.infd.edu.ar\/sitio\/wp-content\/uploads\/2025\/12\/Imagen1.png\" data-object-fit=\"cover\"\/><div class=\"wp-block-cover__inner-container\">\n<p class=\"has-text-align-center has-medium-font-size\">Informaci\u00f3n sobre recursos, servicios disponibles y colecci\u00f3n<\/p>\n<\/div><\/div>\n\n\n\n<p class=\"has-contrast-color has-text-color has-background has-medium-font-size\" style=\"background:linear-gradient(135deg,rgb(255,206,236) 0%,rgb(152,150,240) 34%)\"><strong><u>Misi\u00f3n<\/u><\/strong><\/p>\n\n\n\n<p>Proporcionar acceso al fondo bibliogr\u00e1fico y a las necesidades y demandas de informaci\u00f3n que solicita la comunidad educativa de la instituci\u00f3n.<\/p>\n\n\n\n<p>Promover el uso y aprovechamiento de los recursos disponibles, incentivando el h\u00e1bito y buenas pr\u00e1cticas en la b\u00fasqueda y localizaci\u00f3n de informaci\u00f3n confiable, democr\u00e1tica y necesaria para la tarea educativa.<\/p>\n\n\n\n<p>Conservar y divulgar el conocimiento y la cultura, proporcionando a los diferentes actores institucionales el material necesario que les permitan llevar a cabo las actividades de ense\u00f1anza, aprendizaje e investigaci\u00f3n. La cultura es un derecho que debe garantizarse desde la escuela y al que todos los ciudadanos deben tener acceso. La biblioteca debe ser un elemento m\u00e1s de los que aseguren e impulsen este acceso, que asegure una educaci\u00f3n no discriminatoria, orientada a la igualdad de las personas y de sus posibilidades de realizaci\u00f3n.<\/p>\n\n\n\n<p class=\"has-contrast-color has-text-color has-background has-medium-font-size\" style=\"background:linear-gradient(135deg,rgb(255,206,236) 0%,rgb(152,150,240) 31%)\"><strong><u>Visi\u00f3n<\/u><\/strong><\/p>\n\n\n\n<p>Ser un referente como servicio de biblioteca apoyando las tareas de innovaci\u00f3n pedag\u00f3gica y promoci\u00f3n de la lectura con la intenci\u00f3n de servir a nuestros usuarios y al resto de la comunidad escolar.<\/p>\n\n\n\n<p>Posicionarse como un \u00e1mbito din\u00e1mico con un rol activo a nivel institucional permitiendo que la comunidad educativa pueda satisfacer sus necesidades y demandas de informaci\u00f3n mediante el acceso a los recursos y servicios disponibles, ya sea para estudio, recreaci\u00f3n, investigaci\u00f3n, actualizaci\u00f3n, docencia o gesti\u00f3n.<\/p>\n\n\n\n<p class=\"has-background has-medium-font-size\" style=\"background:linear-gradient(135deg,rgb(255,206,236) 0%,rgb(152,150,240) 28%)\"><strong><u>Objetivos<\/u><\/strong><\/p>\n\n\n\n<ul>\n<li>Promover el funcionamiento de la biblioteca como un centro de recursos para el aprendizaje y la ense\u00f1anza.<\/li>\n\n\n\n<li>Equilibrar y ampliar los fondos de la biblioteca adecu\u00e1ndose a las necesidades de la comunidad educativa y enriqueci\u00e9ndose con documentos en diferentes formatos.<\/li>\n\n\n\n<li>Dotar a los alumnos de las capacidades b\u00e1sicas para obtener y usar de forma aut\u00f3noma gran diversidad de recursos.<\/li>\n\n\n\n<li>Apoyar la ense\u00f1anza, el aprendizaje e impulsar el cambio educativo.<\/li>\n\n\n\n<li>Ampliar las posibilidades de uso pedag\u00f3gico.<\/li>\n\n\n\n<li>Promover actividades propias de la biblioteca.<\/li>\n\n\n\n<li>Maximizar los recursos a trav\u00e9s de la cooperaci\u00f3n con otras bibliotecas<\/li>\n<\/ul>\n\n\n\n<p class=\"has-background has-medium-font-size\" style=\"background:linear-gradient(135deg,rgb(255,206,236) 0%,rgb(152,150,240) 28%)\"><strong><u>Colecci\u00f3n<\/u><\/strong><\/p>\n\n\n\n<p>Atendiendo a la finalidad de la Biblioteca (informaci\u00f3n, formaci\u00f3n, recreaci\u00f3n) y la utilizaci\u00f3n principal de los documentos se distinguir\u00e1:<\/p>\n\n\n\n<p>&#8211; <strong>Colecci\u00f3n General<\/strong>: comprende todo aquel material de lectura complementaria para cada una de las \u00e1reas en que se encuentra dividido el conocimiento humano teniendo en cuenta la comunidad educativa a la cual se va a servir.<\/p>\n\n\n\n<p>&#8211; <strong>Obras de referencia<\/strong>: estructuradas y organizadas para consulta r\u00e1pida y puntual de informaci\u00f3n (diccionarios, enciclopedias, bibliograf\u00edas, atlas, etc.).<\/p>\n\n\n\n<p class=\"has-background has-medium-font-size\" style=\"background:linear-gradient(135deg,rgb(255,206,236) 0%,rgb(152,150,240) 37%)\"><strong><u>Recursos y servicios<\/u><\/strong><\/p>\n\n\n\n<ul class=\"has-background\" style=\"background:linear-gradient(135deg,rgb(6,147,227) 0%,rgb(254,168,32) 79%,rgb(155,81,224) 100%)\">\n<li><strong>Sistema de estanter\u00eda abierta.<\/strong><\/li>\n\n\n\n<li><strong>Sala de lectura y consulta de material.<\/strong><\/li>\n\n\n\n<li><strong>Asesoramiento y b\u00fasqueda de informaci\u00f3n<\/strong>.<\/li>\n\n\n\n<li><strong>Pr\u00e9stamos a domicilio.Actividades de difusi\u00f3n y promoci\u00f3n de la lectura.<\/strong><\/li>\n\n\n\n<li><strong>Disponibilidad de documentos electr\u00f3nicos en el campus virtual del I. S. F. D. y T. N\u00b0 88.<\/strong><\/li>\n\n\n\n<li><strong>Acceso a Wifi.<\/strong><\/li>\n<\/ul>\n\n\n\n<div class=\"wp-block-cover is-light\" style=\"min-height:179px\"><span aria-hidden=\"true\" class=\"wp-block-cover__background has-background-dim\"><\/span><img decoding=\"async\" loading=\"lazy\" width=\"600\" height=\"339\" class=\"wp-block-cover__image-background wp-image-6405\" alt=\"\" src=\"https:\/\/isfd88-bue.infd.edu.ar\/sitio\/wp-content\/uploads\/2025\/12\/Imagen2.png\" data-object-fit=\"cover\"\/><div class=\"wp-block-cover__inner-container\">\n<p class=\"has-text-align-center has-base-3-color has-text-color has-large-font-size\">\u00a1Te esperamos!<\/p>\n<\/div><\/div>\n","protected":false},"excerpt":{"rendered":"<p>Misi\u00f3n Proporcionar acceso al fondo bibliogr\u00e1fico y a las necesidades y demandas de informaci\u00f3n que solicita la comunidad educativa de la instituci\u00f3n. Promover el uso y aprovechamiento de los recursos disponibles, incentivando el h\u00e1bito y buenas pr\u00e1cticas en la b\u00fasqueda y localizaci\u00f3n de informaci\u00f3n confiable, democr\u00e1tica y necesaria para la tarea educativa. Conservar y divulgar &#8230; <a title=\"&#x1f4da; BIBLIOTECA\u00a0 ISFDyT N\u00b088\" class=\"read-more\" href=\"https:\/\/isfd88-bue.infd.edu.ar\/sitio\/%f0%9f%93%9a-biblioteca-isfdyt-n88\/\" aria-label=\"More on &#x1f4da; BIBLIOTECA\u00a0 ISFDyT N\u00b088\">[+]<\/a><\/p>\n","protected":false},"author":119,"featured_media":0,"parent":0,"menu_order":0,"comment_status":"closed","ping_status":"closed","template":"","meta":[],"acf":[],"_links":{"self":[{"href":"https:\/\/isfd88-bue.infd.edu.ar\/sitio\/wp-json\/wp\/v2\/pages\/6388"}],"collection":[{"href":"https:\/\/isfd88-bue.infd.edu.ar\/sitio\/wp-json\/wp\/v2\/pages"}],"about":[{"href":"https:\/\/isfd88-bue.infd.edu.ar\/sitio\/wp-json\/wp\/v2\/types\/page"}],"author":[{"embeddable":true,"href":"https:\/\/isfd88-bue.infd.edu.ar\/sitio\/wp-json\/wp\/v2\/users\/119"}],"replies":[{"embeddable":true,"href":"https:\/\/isfd88-bue.infd.edu.ar\/sitio\/wp-json\/wp\/v2\/comments?post=6388"}],"version-history":[{"count":6,"href":"https:\/\/isfd88-bue.infd.edu.ar\/sitio\/wp-json\/wp\/v2\/pages\/6388\/revisions"}],"predecessor-version":[{"id":6503,"href":"https:\/\/isfd88-bue.infd.edu.ar\/sitio\/wp-json\/wp\/v2\/pages\/6388\/revisions\/6503"}],"wp:attachment":[{"href":"https:\/\/isfd88-bue.infd.edu.ar\/sitio\/wp-json\/wp\/v2\/media?parent=6388"}],"curies":[{"name":"wp","href":"https:\/\/api.w.org\/{rel}","templated":true}]}}